2*g**3 - 3*g**2 + 5*g**3 - 5 + 1. Let k be -2 + (0 - 1)/1. What are the prime factors of s(k)?
2
What are the prime factors of (72/(-180))/(4/(-3800))?
2, 5, 19
Let s = 1672 + 31. What are the prime factors of s?
13, 131
Suppose -8*i = -2582 - 7650. List the prime factors of i.
1279
Let g = -106 + 157. Let h be (-4)/(-3 + g/15). List the prime factors of -2 + -1*h/2.
3
Let t = -171 + 237. What are the prime factors of t?
2, 3, 11
Suppose 0 = -2*h + 5 + 5. Let q(j) = 11*j - 12. List the prime factors of q(h).
43
Let l = -11 - -20. Suppose -7*b = -l*b + 10. Suppose 68 = 5*q - r - 16, b*r + 46 = 3*q. List the prime factors of q.
17
Suppose 3*b + 0*z - z - 54 = 0, 3*b - 51 = 2*z. Suppose -p = 7 + b. Let d = 53 + p. What are the prime factors of d?
3
Let k(n) = 17*n. Let m(x) = -x**3 + 6*x**2 - 4*x - 6. Let g be m(5). Let a be k(g). Let y = a + 50. What are the prime factors of y?
3, 11
Suppose -3*s - 6 = -o, -4*o - 2*s = 13 - 79. Suppose 0*y = -4*d + y + o, 24 = 5*d - 3*y. What are the prime factors of d?
3
Let f(h) = h + 10. Let l be f(-6). Suppose -t = -2, -l*p - 2*t + 468 = 116. What are the prime factors of p?
3, 29
Let c(q) = -q**2 - 3*q + 7. Let z be c(-4). What are the prime factors of (z - 2)*0/1 - -49?
7
Let w = 4092 - 2825. List the prime factors of w.
7, 181
Suppose 451 + 657 = 2*f. What are the prime factors of f?
2, 277
Let i(j) = -j**2 + 3. Let z(v) = v**2 + 1. Let d(h) = -i(h) + 2*z(h). Let b be d(-1). Suppose -b*c - 3*c = -125. List the prime factors of c.
5
What are the prime factors of 6*(564/(-18))/(-2)?
2, 47
Suppose 0 = -f - 7 - 119. What are the prime factors of -2 + 2 + f/(-3)?
2, 3, 7
Suppose q - 10 = 6*q, 0 = 4*s - q + 10. Let m be (10*4/8)/1. Let w = m + s. List the prime factors of w.
2
Let p = -27 + 25. What are the prime factors of (1 + 43 - p) + 1?
47
Let j be (-16)/(-4) - (-2 + 0/(-3)). Suppose 219 = j*g - 3. List the prime factors of g.
37
Let f = -687 + 1342. Let h = f + -396. What are the prime factors of h?
7, 37
Suppose -3*y + 0 - 12 = 0. Let u = 62 + 30. What are the prime factors of (y/8)/((-1)/u)?
2, 23
Suppose 0*d - 4*d = 440. Let s = -46 - d. What are the prime factors of (s/(-10))/(2/(-5))?
2
Let o be 206/10 - (-3)/(-5). Suppose -o = -4*d + x - 6, -5*x = 5*d - 5. Let b(c) = c**3 - c**2 - 2*c + 3. List the prime factors of b(d).
3, 5
List the prime factors of (-1761)/(-12) + -3 - (-7)/28.
2, 3
List the prime factors of (-110)/(-20) + -5 - (-943)/2.
2, 59
Let v be (-5 + 1)*1/(-2). Suppose z + 40 = 2*t + 3*t, -2*t + v*z = -16. List the prime factors of t.
2
Let d(u) = u - 4. Suppose 6*q - 28 = 2*q. Let r be d(q). Suppose -2*a + 28 = r*o + o, 0 = -a + 2*o - 2. List the prime factors of a.
2, 3
Let k(g) = g**2 + 22*g + 46. List the prime factors of k(18).
2, 383
Suppose -4*v = -2*v - 60. Let y = 51 + v. What are the prime factors of y?
3
Let z(k) = -k + 26. Let w be z(19). What are the prime factors of 0/1 + (w - -68)?
3, 5
Suppose -z - w + 52 = 0, 0*z + 4*w = -3*z + 157. List the prime factors of z.
3, 17
Let k = -1029 + 2003. What are the prime factors of k?
2, 487
Let x = -17 + 19. Let f(m) = m**2 - m. Let q be f(x). Suppose 4*i = -t + 57, -t - t + q*i + 74 = 0. What are the prime factors of t?
41
Let f(k) = 140*k**2 + k - 22. List the prime factors of f(3).
17, 73
Let i = -8 - -11. Suppose -i*k = -0 + 24. Let x = 14 + k. What are the prime factors of x?
2, 3
Let t(n) = n**2 + n - 2. Let j be t(0). Let g be 7*j*(-4)/(-8). Let c(f) = f**3 + 9*f**2 + 10*f + 10. What are the prime factors of c(g)?
2, 19
Let o(p) = -13*p + 4. List the prime factors of o(-5).
3, 23
Let h(m) = 3401*m**2 + 8*m + 4. List the prime factors of h(-1).
43, 79
Suppose 0 = n - 2*l - 3456, 0 = 3*n - 0*l - l - 10388. List the prime factors of n.
2, 433
Let d = -99 - -1653. List the prime factors of d.
2, 3, 7, 37
Suppose 2*d - 14*d + 5064 = 0. List the prime factors of d.
2, 211
Suppose -8 = 3*a - 4*o, 2*a = -2*o + 2 + 2. Suppose 0 = d - 0*d - 84. Suppose a*g - d = -4*g. List the prime factors of g.
3, 7
Let c be (-10)/(-6)*(-24)/(-20). Suppose 2*j + c*j - 1120 = 0. List the prime factors of j.
2, 5, 7
Suppose -24*c + 25*c - 269 = 0. List the prime factors of c.
269
Let o = -264 + 956. List the prime factors of o.
2, 173
List the prime factors of (-177)/(-1*(-21)/(-161)).
23, 59
Let s = -21 + 11. Let f = s + 76. List the prime factors of f.
2, 3, 11
Let n(p) be the first derivative of 28*p**3/3 + p**2 + p - 23. List the prime factors of n(2).
3, 13
Let m(v) = -93*v + 47. List the prime factors of m(-5).
2
Let r = 1022 - -835. List the prime factors of r.
3, 619
Let g be 2/3*4788/24. Let t = -72 + g. What are the prime factors of t?
61
Suppose 4 = o, 4*c = -0*c - 3*o + 8. What are the prime factors of (c/1)/(((-24)/6)/260)?
5, 13
List the prime factors of ((-1)/((-20)/(-872)))/(11/(-440)).
2, 109
Suppose 4 = 3*t - 3*w + w, -3*t - w = -7. Suppose -3*p + 2 = t*j, -p = 2 + 2. Let y = 14 - j. List the prime factors of y.
7
Let l(q) = q**3 + q - 7. Let n = 65 - 60. What are the prime factors of l(n)?
3, 41
Let a(x) = -x**3 - 30*x**2 - 32*x + 17. List the prime factors of a(-30).
977
Let p = 1483 + -574. What are the prime factors of p?
3, 101
Let k = 13 - 22. Let o(w) = -w**3 - 9*w**2 + 2*w + 13. Let g be o(k). What are the prime factors of ((-42)/g)/((-6)/(-15))?
3, 7
Let i = 180 - -2841. List the prime factors of i.
3, 19, 53
Let y be ((-2)/(-3))/(1/3). What are the prime factors of (60/(-35))/(y/(-217))?
2, 3, 31
Let f(m) = 24*m**2 - 21*m - 7. Let z be f(9). What are the prime factors of z/20 - 6/15?
3, 29
Suppose 3*j - 5*v - 1423 = 0, 687 = 3*j + 2*v - 764. List the prime factors of j.
13, 37
Let c(s) = -2*s**3 - 3*s**2 - 36*s - 5. List the prime factors of c(-6).
5, 107
Let v be ((-188)/(-12))/((-3)/(-9)). Let k = 25 + v. Suppose -s + 5*s - k = 0. List the prime factors of s.
2, 3
Suppose -4*f - 5*s - 9 + 49 = 0, -f = 3*s - 17. Suppose f*z - 94 = 2*c, z + 4*c - 2 = 8. Suppose -l + 3 = -3*h + z, -2*l = -6. What are the prime factors of h?
2, 3
Let z(b) be the first derivative of b**4/2 - b**2 - 3*b - 4. Let d be z(3). Suppose 5*q = -0*q + d. What are the prime factors of q?
3
Suppose 3*i = 4*z + z - 6146, i + 1228 = z. List the prime factors of z.
1231
Let d be 0/(0 + 3 + -2). Let o be d - -3 - 42/(-2). Suppose 0 = v - 2*p - o, -4*p + 0 - 20 = 0. What are the prime factors of v?
2, 7
Suppose 953 = 2*a - i, 0*i + 1912 = 4*a + 4*i. Let s = a - 337. List the prime factors of s.
2, 5, 7
Let o(d) = -2*d**3 + d**2 - 2*d - 4. Let n be o(0). List the prime factors of 65 + n + 2 + -2.
61
Let o = 18 - 14. Suppose 8 = o*h - 44. Suppose -w = p - 38 + h, 0 = -2*w - 10. What are the prime factors of p?
2, 3, 5
What are the prime factors of 14967/18 - 7 - (-6)/4?
2, 7, 59
Let c be (29/2)/((-6)/12). Let q = c - -40. List the prime factors of q.
11
Suppose -2*q + 7*q + 4 = -4*d, 2*d - 20 = 3*q. Suppose 4*n + 1 = -l + 17, 3*l - 18 = 3*n. Suppose -d*s + l = -112. What are the prime factors of s?
2, 3, 5
Let a = -80 + 1093. List the prime factors of a.
1013
What are the prime factors of (-1)/(-3) + (-1070740)/(-465)?
7, 47
Suppose c - 2*r - 345 = 0, 3*c - r + 368 = 1398. List the prime factors of c.
7
Let h(o) be the first derivative of 9*o - 2/3*o**3 - 1 + 1/4*o**4 - 3/2*o**2. List the prime factors of h(4).
29
Let o(y) = -5*y. Let w be o(-1). Suppose -4 = 3*q + w*g, 0*q + 3*q - 2*g - 10 = 0. Suppose 2*z + q*z = 120. What are the prime factors of z?
2, 3, 5
Let t(l) = 11*l**3 + 3*l**2 - 3*l + 4. Let y(u) = 5*u**3 + 2*u**2 - u + 2. Let z(s) = 6*t(s) - 13*y(s). What are the prime factors of z(9)?
2, 17
Let q = -17 + 15. Let b be q + (1 - 3)*-2. Suppose -5*j = -b*j - 81. List the prime factors of j.
3
Suppose 461 - 13 = -8*z. List the prime factors of 4 + -8 + z/(-2).
2, 3
Let x = 3 + -1. Suppose -x*t - t = -54. What are the prime factors of t?
2, 3
Let t = 2298 + -1623. What are the prime factors of t?
3, 5
Suppose 3*d - d - 256 = 0. Let x = d + -52. List the prime factors of x.
2, 19
Let y(u) be the third derivative of u**6/360 - u**5/12 + u**4/4 + 5*u**2. Let h(f) be the second derivative of y(f). What are the prime factors of h(9)?
2
Let n = -10 - -10. Let v be 4/(n - -4) - -2. Suppose -v*h = 5*a - 13, -2*a + a - 2*h = 3. What are the prime factors of a?
